{"id":319,"date":"2022-06-03T16:14:46","date_gmt":"2022-06-03T16:14:46","guid":{"rendered":"https:\/\/aepalizage.iot-d.de\/?page_id=319"},"modified":"2026-01-29T10:48:29","modified_gmt":"2026-01-29T10:48:29","slug":"das-rote-buch","status":"publish","type":"page","link":"https:\/\/aepalizage.iot-d.de\/?page_id=319","title":{"rendered":"Das Rote Buch"},"content":{"rendered":"\n<div style=\"height:25px\" aria-hidden=\"true\" class=\"wp-block-spacer\"><\/div>\n\n\n\n<h2 class=\"wp-block-heading has-text-align-center has-x-large-font-size\" style=\"font-style:normal;font-weight:200\">DAS ROTE BUCH<\/h2>\n\n\n\n<div style=\"height:46px\" aria-hidden=\"true\" class=\"wp-block-spacer\"><\/div>\n\n\n\n<figure class=\"wp-block-image aligncenter size-full is-resized\"><img loading=\"lazy\" decoding=\"async\" width=\"462\" height=\"600\" src=\"https:\/\/aepalizage.iot-d.de\/wp-content\/uploads\/2022\/06\/9783843604673xxl.jpg\" alt=\"\" class=\"wp-image-320\" style=\"aspect-ratio:0.7700650759219089;width:389px;height:auto\" srcset=\"https:\/\/aepalizage.iot-d.de\/wp-content\/uploads\/2022\/06\/9783843604673xxl.jpg 462w, https:\/\/aepalizage.iot-d.de\/wp-content\/uploads\/2022\/06\/9783843604673xxl-231x300.jpg 231w\" sizes=\"(max-width: 462px) 100vw, 462px\" \/><\/figure>\n\n\n\n<p>Das Rote Buch war lange Zeit geheim gehalten worden, weil es sich Jung selbst so gew\u00fcnscht hatte. Es sollte nicht der \u00d6ffentlichkeit zug\u00e4nglich sein. C. G. Jung hat in diesem &#8222;Tagebuch&#8220; in wundersch\u00f6ner Kalligraphie Visionen, Tr\u00e4ume und Gedanken hinterlassen, sowie faszinierende Bilder. Das Buch ist erh\u00e4ltlich als Reader&#8217;s Edition zu einem erschwinglichen Preis, und als sehr teures, gro\u00dfes Buch mit Fotografien vom Original und einem Anhang mit den gedruckten Texten.  F\u00fcr Magier und Kunstliebhaber sei dringend empfohlen, NICHT die Reader&#8217;s Edition, sondern die Version mit den Original-Fotografien zu lesen. Einfach weil man den Zauber dieses Buches verpasst, wenn man einfach nur den Text liest. Das ist viel Geld, aber es ist es wirklich wert. Das Rote Buch ist extrem inspirierend und jedes der Bilder ist eine Reise f\u00fcr sich. <\/p>\n\n\n\n<p>Wer sich dieses Buch nicht leisten kann oder will, kann es sich ja vielleicht in einer Bibliothek anschauen. Die deutsche Nationalbibliothek in Leipzig hat beispielsweise eine Version davon.<\/p>\n\n\n\n<div style=\"height:58px\" aria-hidden=\"true\" class=\"wp-block-spacer\"><\/div>\n\n\n\n<div class=\"wp-block-buttons is-content-justification-center is-layout-flex wp-container-core-buttons-layout-1 wp-block-buttons-is-layout-flex\">\n<div class=\"wp-block-button is-style-outline\"><a class=\"wp-block-button__link has-foreground-background-color has-background wp-element-button\" href=\"https:\/\/aepalizage.iot-d.de\/?page_id=78\" style=\"border-width:1px\">zur\u00fcck<\/a><\/div>\n<\/div>\n","protected":false},"excerpt":{"rendered":"<p>DAS ROTE BUCH Das Rote Buch war lange Zeit geheim gehalten worden, weil es sich Jung selbst so gew\u00fcnscht hatte. Es sollte nicht der \u00d6ffentlichkeit zug\u00e4nglich sein. C. G. Jung hat in diesem &#8222;Tagebuch&#8220; in wundersch\u00f6ner Kalligraphie Visionen, Tr\u00e4ume und Gedanken hinterlassen, sowie faszinierende Bilder. Das Buch ist erh\u00e4ltlich als Reader&#8217;s Edition zu einem erschwinglichen [&hellip;]<\/p>\n","protected":false},"author":2,"featured_media":0,"parent":78,"menu_order":5,"comment_status":"closed","ping_status":"closed","template":"","meta":{"footnotes":""},"_links":{"self":[{"href":"https:\/\/aepalizage.iot-d.de\/index.php?rest_route=\/wp\/v2\/pages\/319"}],"collection":[{"href":"https:\/\/aepalizage.iot-d.de\/index.php?rest_route=\/wp\/v2\/pages"}],"about":[{"href":"https:\/\/aepalizage.iot-d.de\/index.php?rest_route=\/wp\/v2\/types\/page"}],"author":[{"embeddable":true,"href":"https:\/\/aepalizage.iot-d.de\/index.php?rest_route=\/wp\/v2\/users\/2"}],"replies":[{"embeddable":true,"href":"https:\/\/aepalizage.iot-d.de\/index.php?rest_route=%2Fwp%2Fv2%2Fcomments&post=319"}],"version-history":[{"count":16,"href":"https:\/\/aepalizage.iot-d.de\/index.php?rest_route=\/wp\/v2\/pages\/319\/revisions"}],"predecessor-version":[{"id":2357,"href":"https:\/\/aepalizage.iot-d.de\/index.php?rest_route=\/wp\/v2\/pages\/319\/revisions\/2357"}],"up":[{"embeddable":true,"href":"https:\/\/aepalizage.iot-d.de\/index.php?rest_route=\/wp\/v2\/pages\/78"}],"wp:attachment":[{"href":"https:\/\/aepalizage.iot-d.de\/index.php?rest_route=%2Fwp%2Fv2%2Fmedia&parent=319"}],"curies":[{"name":"wp","href":"https:\/\/api.w.org\/{rel}","templated":true}]}}